0195 composite?
True
Is 238151 a composite number?
False
Is 761827 prime?
False
Is 7901 composite?
False
Is 27179 prime?
True
Is 396057 prime?
False
Is 7369 composite?
False
Is 6143 a composite number?
False
Is 890693 a composite number?
True
Is 158959 a prime number?
True
Is 22177 a prime number?
False
Is 209147 a composite number?
False
Is 3083 prime?
True
Is 104201 prime?
False
Is 16039 composite?
True
Is 91786 a composite number?
True
Is 380879 a prime number?
True
Is 444503 prime?
False
Is 158623 composite?
True
Is 866947 a prime number?
False
Is 4843 a prime number?
False
Is 165829 a composite number?
False
Is 20561 a composite number?
True
Is 14435 composite?
True
Is 45413 composite?
False
Is 19121 a composite number?
False
Is 541 a composite number?
False
Is 62107 a prime number?
False
Is 16057 a composite number?
False
Is 48647 a composite number?
False
Is 1085421 composite?
True
Is 49557 a composite number?
True
Is 3100621 a composite number?
False
Is 90221 prime?
False
Is 6779 a composite number?
False
Is 123071 composite?
True
Is 5251 a composite number?
True
Is 1478465 a prime number?
False
Is 99917 composite?
True
Is 19681 a composite number?
False
Is 557 prime?
True
Is 346697 prime?
False
Is 78779 a composite number?
False
Is 126419 prime?
False
Is 9427 prime?
False
Is 149483 a composite number?
True
Is 382 a prime number?
False
Is 3070117 composite?
False
Is 1268899 composite?
False
Is 306737 a composite number?
True
Is 67593 a prime number?
False
Is 4939 a prime number?
False
Is 1950541 a composite number?
True
Is 101267 prime?
True
Is 8749 a prime number?
False
Is 291037 a composite number?
False
Is 31439 a prime number?
False
Is 93731 a composite number?
True
Is 20911 prime?
False
Is 235 a composite number?
True
Is 5147 a prime number?
True
Is 14699 a prime number?
True
Is 22433 a prime number?
True
Is 281657 a prime number?
False
Is 797887 prime?
True
Is 1142503 prime?
True
Is 58889 prime?
True
Is 183343 a composite number?
False
Is 251103 prime?
False
Is 234253 a composite number?
True
Is 156383 a composite number?
True
Is 556367 a prime number?
False
Is 1576462 composite?
True
Is 49535 a composite number?
True
Is 273551 a composite number?
False
Is 115117 a composite number?
False
Is 1871 a composite number?
False
Is 12841 composite?
False
Is 2743 prime?
False
Is 39503 a composite number?
False
Is 12443 prime?
False
Is 13049 prime?
True
Is 18111 composite?
True
Is 32071 prime?
False
Is 1330801 composite?
True
Is 131081 prime?
False
Is 41857 prime?
False
Is 4279 prime?
False
Is 23249 prime?
False
Is 4919 composite?
False
Is 10427 a prime number?
True
Is 12499 a composite number?
True
Is 32603 a composite number?
False
Is 77389 a composite number?
True
Is 259547 a composite number?
False
Is 724901 composite?
False
Is 163579 a prime number?
False
Is 225569 a composite number?
False
Is 6599 a prime number?
True
Is 805799 prime?
True
Is 83891 a prime number?
True
Is 553 a prime number?
False
Is 16253 composite?
False
Is 76127 a composite number?
True
Is 1899643 prime?
False
Is 38523 prime?
False
Is 22679 prime?
True
Is 14143 composite?
False
Is 661909 prime?
True
Is 191413 composite?
False
Is 4391 composite?
False
Is 40693 a composite number?
False
Is 22171 prime?
True
Is 601387 composite?
True
Is 27679 prime?
False
Is 14579 composite?
True
Is 44449 a composite number?
False
Is 647293 a prime number?
True
Is 877 a prime number?
True
Is 106813 a prime number?
False
Is 1858 prime?
False
Is 14777 prime?
False
Is 239451 a prime number?
False
Is 330611 prime?
True
Is 134957 a composite number?
True
Is 521 a composite number?
False
Is 3351 prime?
False
Is 107441 a prime number?
True
Is 102997 a prime number?
False
Is 147449 composite?
False
Is 2833 composite?
False
Is 3386 composite?
True
Is 10447 a composite number?
True
Is 2333 composite?
False
Is 102761 a composite number?
False
Is 13577 composite?
False
Is 3385 prime?
False
Is 4732151 prime?
False
Is 1573609 composite?
True
Is 18743 a prime number?
True
Is 731689 prime?
False
Is 43889 composite?
False
Is 2237909 a prime number?
True
Is 1193 prime?
True
Is 2159054 prime?
False
Is 77627 composite?
True
Is 73469 composite?
True
Is 42611 a prime number?
True
Is 158569 prime?
False
Is 22353 composite?
True
Is 37691 a composite number?
False
Is 46855 prime?
False
Is 6583 prime?
False
Is 68577 composite?
True
Is 24889 composite?
False
Is 4837 a prime number?
False
Is 29917 a composite number?
False
Is 9391 a composite number?
False
Is 37841 a prime number?
False
Is 347981 a prime number?
True
Is 136057 composite?
False
Is 137351 composite?
True
Is 7861 composite?
True
Is 581741 prime?
False
Is 2195489 prime?
False
Is 2187257 a composite number?
True
Is 36094 a prime number?
False
Is 325079 a composite number?
False
Is 432869 a prime number?
True
Is 236387 a composite number?
False
Is 69991 composite?
False
Is 159514 a composite number?
True
Is 34399 composite?
True
Is 370373 prime?
True
Is 7817 composite?
False
Is 5623 a composite number?
False
Is 6609 composite?
True
Is 215841 a prime number?
False
Is 1170751 prime?
True
Is 388051 a prime number?
True
Is 2142397 prime?
True
Is 3389 prime?
True
Is 63901 composite?
False
Is 1490321 prime?
False
Is 122651 composite?
False
Is 482981 a prime number?
False
Is 787 a composite number?
False
Is 7899 a prime number?
False
Is 5158 composite?
True
Is 5045827 a prime number?
True
Is 34361 a prime number?
True
Is 4821 a prime number?
False
Is 307909 a prime number?
False
Is 25937 a prime number?
False
Is 269237 composite?
False
Is 169903 prime?
False
Is 3127 a composite number?
True
Is 911 prime?
True
Is 56039 prime?
True
Is 5227 a composite number?
False
Is 250103 a prime number?
False
Is 269461 a composite number?
False
Is 103799 a prime number?
False
Is 15109 a composite number?
True
Is 3688753 a composite number?
True
Is 4837 a prime number?
False
Is 11863 prime?
True
Is 564377 composite?
True
Is 361579 composite?
True
Is 196423 a composite number?
True
Is 11729 a prime number?
False
Is 513629 a composite number?
True
Is 1216451 a prime number?
True
Is 277637 composite?
False
Is 40879 a composite number?
False
Is 231809 a prime number?
True
Is 62659 composite?
False
Is 7985 prime?
False
Is 36265 prime?
False
Is 21557 prime?
True
Is 401753 a composite number?
True
Is 9005 a composite number?
True
Is 3493 a prime number?
False
Is 130379 a composite number?
False
Is 4489 prime?
False
Is 16001 a prime number?
True
Is 2798 prime?
False
Is 497 a prime number?
False
Is 48011 prime?
False
Is 2473 a prime number?
True
Is 6449 prime?
True
Is 28603 a prime number?
True
Is 16963 prime?
True
Is 33947 a composite number?
True
Is 2917 prime?
True
Is 3379 prime?
False
Is 364391 composite?
True
Is 53349 composite?
True
Is 4327 composite?
False
Is 11261 a composite number?
False
Is 3947 composite?
False
Is 74747 prime?
True
Is 368779 composite?
True
Is 14051 composite?
False
Is 25523 prime?
True
Is 7907 prime?
True
Is 103807 a prime number?
False
Is 5197 composite?
False
Is 22105 a prime number?
False
Is 610585 a composite number?
True
Is 376069 prime?
False
Is 129494 composite?
True
Is 823385 a composite number?
True
Is 4631 a prime number?
False
Is 2809 prime?
False
Is 46471 a prime number?
True
Is 142601 composite?
False
Is 320009 prime?
True
Is 578441 composite?
False
Is 797 a prime number?
True
Is 2515 prime?
False
Is 2364709 prime?
True
Is 29789 a composite number?
False
Is 5971 a composite number?
True
Is 8551 a composite number?
True
Is 6067 prime?
True
Is 41381 a prime number?
True
Is 3210398 composite?
True
Is 158759 a composite number?
False
Is 1377305 prime?
False
Is 525571 prime?
True
Is 156337 a composite number?
True
Is 105727 a prime number?
True
Is 52617 a prime number?
False
Is 25523 a prime number?
True
Is 51551 a prime number?
True
Is 152377 composite?
False
Is 562231 prime?
True
Is 9311 a composite number?
False
Is 804299 prime?
False
Is 13097 a composite number?
True
Is 41645 a prime number?
False
Is 57487 prime?
True
Is 85361 a prime number?
True
Is 1509767 a prime number?
False
Is 214823 a composite number?
True
Is 1319 composite?
False
Is 133241 a prime number?
True
Is 25879 a composite number?
True
Is 290859 a composite number?
Tru